 is 5078 (base 9) in base 5?
104331
559 (base 10) to base 7
1426
Convert 15e (base 16) to base 6.
1342
a026 (base 12) to base 7
101316
-43801 (base 10) to base 5
-2400201
-110432 (base 5) to base 10
-3867
-2275 (base 8) to base 12
-851
-1395 (base 11) to base 5
-24143
-19284 (base 11) to base 6
-324442
15eb (base 15) to base 7
16523
121000 (base 3) to base 5
3212
What is -7868 (base 10) in base 12?
-4678
Convert 1229b (base 14) to base 15.
d273
-242 (base 5) to base 7
-132
-1303133 (base 5) to base 3
-1021212102
Convert -1010011111011 (base 2) to base 13.
-25a2
-314410 (base 5) to base 14
-3c17
Convert 582 (base 13) to base 7.
2526
4133 (base 8) to base 11
1675
Convert -1323230 (base 4) to base 7.
-32036
-825 (base 11) to base 4
-33203
What is 110110000 (base 2) in base 3?
121000
Convert 12214 (base 6) to base 11.
13a6
What is 2eae (base 16) in base 7?
46561
-11021 (base 3) to base 10
-115
Convert -116737 (base 8) to base 4.
-21313133
What is 30545 (base 7) in base 10?
7481
Convert -1023 (base 7) to base 5.
-2420
Convert 84 (base 11) to base 6.
232
-1012201 (base 3) to base 12
-617
Convert -2717 (base 14) to base 12.
-3b95
Convert -20212010 (base 3) to base 12.
-2a86
Convert -81 (base 16) to base 12.
-a9
Convert 1516 (base 12) to base 6.
15230
What is -499 (base 10) in base 9?
-614
Convert 308 (base 10) to base 16.
134
Convert -26304 (base 8) to base 4.
-2303010
22323 (base 5) to base 14
816
Convert 10133310 (base 4) to base 8.
43764
What is 1aa (base 12) in base 11?
22a
422e (base 16) to base 12
997a
154 (base 11) to base 12
130
Convert -117 (base 13) to base 8.
-275
What is 2110011 (base 3) in base 15?
7e1
Convert -8239 (base 14) to base 15.
-6980
23b (base 12) to base 13
1ca
-11053 (base 7) to base 13
-1360
-10001111111010 (base 2) to base 11
-6a13
What is 33b (base 14) in base 16?
281
What is -1102211 (base 3) in base 11?
-873
What is 262d (base 14) in base 7?
25356
Convert -1111000111100 (base 2) to base 10.
-7740
3947 (base 12) to base 3
22222001
Convert 2683 (base 11) to base 10.
3479
-100 (base 13) to base 11
-144
What is -22010021 (base 3) in base 2?
-1011100100000
Convert -717 (base 9) to base 11.
-490
What is -2ba2 (base 13) in base 15?
-1d5a
28682 (base 10) to base 8
70012
What is 153533 (base 6) in base 4?
3230001
-50106 (base 10) to base 3
-2112201210
Convert 51456 (base 7) to base 13.
5961
100110010000110 (base 2) to base 4
10302012
Convert 235134 (base 6) to base 2.
101000001100010
What is -21232 (base 4) in base 2?
-1001101110
1013 (base 4) to base 5
241
-2122431 (base 5) to base 10
-35991
What is -33a8 (base 15) in base 4?
-2223032
-6e3 (base 15) to base 14
-7d9
What is 41615 (base 9) in base 12?
13a95
What is 38134 (base 9) in base 8?
62033
Convert -1004 (base 5) to base 3.
-11210
What is -43041 (base 6) in base 15?
-1b07
What is 1319 (base 11) in base 2?
11010110010
13013 (base 5) to base 10
1008
Convert -2287a (base 11) to base 8.
-100347
Convert 40241 (base 5) to base 3.
10112020
What is 1100101110 (base 2) in base 6?
3434
Convert 331 (base 7) to base 6.
441
Convert -44721 (base 9) to base 11.
-20392
What is -12200 (base 4) in base 13?
-260
13044 (base 6) to base 5
30342
-1100 (base 6) to base 8
-374
61a (base 12) to base 14
474
What is 13231 (base 4) in base 8?
755
Convert 41e (base 16) to base 5.
13204
Convert 2000001221 (base 3) to base 2.
1001100111111010
b2 (base 14) to base 11
132
What is 4044 (base 6) in base 13?
538
Convert -260 (base 9) to base 6.
-1000
251 (base 10) to base 8
373
Convert 16637 (base 8) to base 14.
2a99
What is 351 (base 12) in base 9?
607
Convert -121202 (base 3) to base 8.
-704
What is 3046 (base 7) in base 13?
63a
-110 (base 12) to base 5
-1111
What is -111111110111 (base 2) in base 4?
-333313
What is 30332 (base 8) in base 7?
51314
What is 15e (base 16) in base 9?
428
-3124 (base 5) to base 15
-1c9
Convert 11ab1 (base 14) to base 2.
1010100100001011
Convert 6120 (base 7) to base 13.
c72
Convert 3322 (base 5) to base 2.
111001110
What is -16723 (base 11) in base 6?
-300443
What is 1333 (base 7) in base 8?
1002
-250522 (base 7) to base 14
-12a12
Convert -2497 (base 13) to base 8.
-12112
-c0 (base 14) to base 16
-a8
-23144 (base 7) to base 16
-1718
What is 131745 (base 8) in base 12?
22799
Convert 200111111 (base 3) to base 9.
20444
Convert -11121202 (base 3) to base 5.
-101433
Convert 12313 (base 4) to base 10.
439
What is 50 (base 12) in base 11?
55
What is 168 (base 13) in base 2?
11111111
-7435 (base 8) to base 14
-15a5
What is -1215 (base 16) in base 12?
-2819
44 (base 6) to base 14
20
What is -10022211011 (base 3) in base 6?
-1223051
Convert 11011110110 (base 2) to base 3.
2110000
What is -110100101 (base 2) in base 7?
-1141
What is -257 (base 9) in base 12?
-15a
What is 11020211 (base 3) in base 10?
3100
What is -1011110 (base 2) in base 13?
-73
Convert -b86 (base 13) to base 4.
-132301
What is -410200 (base 5) in base 15?
-3d85
Convert -92a9 (base 11) to base 7.
-50656
Convert 2141 (base 8) to base 14.
5a1
Convert 220343 (base 5) to base 6.
55102
Convert 11001010111 (base 2) to base 4.
121113
Convert -448 (base 10) to base 6.
-2024
-103100 (base 4) to base 15
-572
-213 (base 11) to base 15
-121
1330a (base 12) to base 8
63372
174 (base 8) to base 10
124
What is 70a (base 13) in base 9?
1565
-52b (base 15) to base 16
-48e
Convert 1933 (base 11) to base 4.
212120
-569c (base 13) to base 9
-17565
-e87 (base 15) to base 11
-250a
baa (base 15) to base 16
a4b
Convert 11010 (base 5) to base 15.
355
-111101 (base 4) to base 2
-10101010001
Convert -646 (base 7) to base 15.
-16d
-22323012 (base 4) to base 16
-aec6
What is 43665 (base 7) in base 11?
8277
Convert -41 (base 12) to base 2.
-110001
Convert -40333 (base 9) to base 13.
-c0ba
Convert -250155 (base 6) to base 12.
-1095b
Convert -3761 (base 9) to base 12.
-1761
Convert -2013230 (base 5) to base 3.
-1122022212
Convert 22303 (base 5) to base 15.
703
What is 1001002 (base 3) in base 5?
11013
Convert 2e9 (base 16) to base 5.
10440
What is 4636 (base 7) in base 8?
3235
-1222525 (base 6) to base 14
-19bb7
What is -210221 (base 3) in base 7?
-1504
Convert 4070 (base 10) to base 11.
3070
What is -465c (base 14) in base 5?
-342414
Convert 3340 (base 6) to base 8.
1414
2752 (base 9) to base 3
2211202
Convert 2515 (base 11) to base 4.
303103
-1d6 (base 15) to base 16
-1aa
What is 2201110 (base 4) in base 6?
115444
What is -651 (base 12) in base 3?
-1021021
Convert a878 (base 11) to base 5.
424423
-10100 (base 5) to base 15
-2d5
Convert -10001110010011 (base 2) to base 7.
-35360
Convert -a876 (base 15) to base 11.
-2487a
What is c7 (base 15) in base 2?
10111011
What is 1021202120 (base 3) in base 11?
18048
Convert -132 (base 14) to base 6.
-1040
124465 (base 7) to base 10
23224
-13756 (base 10) to base 8
-32674
Convert -60607 (base 8) to base 9.
-37221
-110630 (base 7) to base 12
-b36b
Convert 216 (base 9) to base 5.
1202
-a998 (base 12) to base 10
-18692
What is d1 (base 16) in base 10?
209
What is 22210 (base 4) in base 5?
10201
What is -6a (base 11) in base 4?
-1030
What is 17 (base 13) in base 9?
22
What is -2016 (base 10) in base 14?
-a40
Convert -5743 (base 9) to base 5.
-114001
Convert -517 (base 8) to base 16.
-14f
What is -11014 (base 9) in base 12?
-4287
What is 75011 (base 9) in base 3?
2112000101
What is 20 (base 11) in base 4?
112
Convert -b293 (base 16) to base 7.
-250165
Convert -32212 (base 4) to base 13.
-56b
What is -671 (base 8) in base 15?
-1e6
What is 34592 (base 12) in base 11?
48611
What is -23a4 (base 16) in base 13?
-41cb
-59c (base 15) to base 11
-a57
What is -9964 (base 13) in base 9?
-32281
What is 212241 (base 5) in base 15?
21eb
Convert -37211 (base 9) to base 15.
-75dd
What is 10110111 (base 2) in base 10?
183
-313310 (base 5) to base 16
-28d7
-210 (base 4) to base 8
-44
What is -314002 (base 6) in base 12?
-12902
Convert 53 (base 13) to base 3.
2112
What is 1524 (base 8) in base 2?
1101010100
What is 23300 (base 4) in base 13?
45b
Convert -3331321 (base 4) to base 13.
-751c
-fe1 (base 16) to base 11
-3066
-2112 (base 3) to base 4
-1010
What is 309 (base 13) in base 9?
633
45634 (base 7) to base 15
36ad
-2c85 (base 13) to base 14
-2547
111011011 (base 2) to base 7
1246
Convert 33121 (base 4) to base 5.
12420
527 (bas